mposite?
False
Let p(x) = 106*x**2 + 63*x - 5813. Is p(56) prime?
True
Let p = 56 + -40. Suppose -p*w = -24*w + 6152. Is w composite?
False
Suppose 9*h - 963903 + 196347 = 0. Suppose -b - 7 = -2*b + 2*y, -2*y - 25 = 5*b. Is b + (-1)/(-7) + h/28 a prime number?
False
Let g(m) = -2*m - 2. Let d be g(-1). Suppose d*f = 4*f. Suppose -2*w + p + 1084 = f, 4108 = 5*w + 4*p + 1411. Is w a composite number?
False
Let m = -58207 - -93154. Let p = 6496 + m. Is p composite?
False
Let c be 24/(-1)*631*2/(-3). Suppose 8*q = 26568 + c. Is q a prime number?
True
Is (-1352040)/(-48) - 13 - (-18)/4 a composite number?
True
Let u(x) = 187*x + 8. Let v be u(-18). Let a = 6203 + v. Is a a composite number?
True
Let o(k) = k. Let u(n) = -857*n - 16. Let m(r) = 4*o(r) + u(r). Is m(-6) composite?
True
Let c(n) = -23*n**3 + 5*n + 4. Let q be c(-1). Suppose -4*w - q*w = -134342. Is w a composite number?
False
Suppose 7*s = 7 + 7. Is (2 - (-4 + (s - 1143)))/1 composite?
True
Is 2/(-3) + (-4990086)/(-486) prime?
True
Let t be 28/(-4)*36/(-21)*1. Let j be (3 - t/8)/(1/1166). Suppose 7*c + j = 10*c. Is c a prime number?
False
Let x be ((-3)/(-6))/((-3)/(-24)). Let t = 4 - x. Suppose -5*b - 4*a + 291 = 0, -173 = -t*b - 3*b - 4*a. Is b a composite number?
False
Suppose 5*h + 116*w = 118*w + 39215, -3*h = -4*w - 23543. Is h a composite number?
False
Let u be (-24)/(-10)*(-10)/(-4) + 2. Suppose -2*k - 4*m - 3285 = 109, -4*m - u = 0. Let i = 5972 + k. Is i composite?
True
Suppose 3*f = 5*l - 27, 3*l = 3*f + 30 - 9. Is (17/4)/(f - 33/(-8)) a composite number?
True
Let c = 17830 - -8451. Is c prime?
False
Let j = -95 + 101. Let f be 91/14 + -8 + j/4. Suppose -2*u - 3*u = h - 10643, u + 3*h - 2123 = f. Is u a prime number?
True
Suppose 60 = 15*w - 3*w. Suppose -2*h + 2*a + 2514 = 0, 0 = w*h - 5*a + 3*a - 6291. Is h a prime number?
True
Suppose l = 2, -6*l - 15 = 5*v - l. Let s(r) = -r**2 - 3*r + 15. Let u be s(v). Is (-769)/((-2)/(u - 3)) composite?
False
Let o = 5357 + -4972. Suppose 2*n = 240 + 32. Let l = n + o. Is l composite?
False
Let s = -33 + 56. Suppose 5*d = 4*y + 17, -4*d + s = -y + d. Suppose -w + 3*q = -0*q - 454, -4*w - y*q + 1802 = 0. Is w composite?
True
Let w(t) = -3*t**3 + t**2 - 251*t + 32401. Is w(0) a composite number?
False
Suppose -6*a - 2257059 = -27*a. Suppose 24494 = -35*t + a. Is t prime?
True
Suppose 5*p + 5 = 0, -3*x - 2*p + p - 10 = 0. Let i be x + (-245)/(-5) - -1. Let t = 69 - i. Is t a composite number?
True
Let k = -10 + 12. Suppose -2*d - 3*z + 6*z = 17, -k*z = d - 2. Is (-8 - d)*(-17619)/28 a prime number?
False
Suppose 3*u - 4*u = -5*s + 14, -24 = -4*u. Let t be 2 + 2*(-6)/(-4). Suppose t*f + 3*q = -3638 + 15253, s*f - 5*q - 9292 = 0. Is f a composite number?
True
Suppose -4*v = 4*w - 7*v - 5, 0 = -5*w + 2*v + 15. Suppose -3*i + w*l = 1479, -3*i + l - 3*l - 1479 = 0. Let f = 704 + i. Is f prime?
True
Let r = 868437 + -568738. Is r composite?
False
Let i(g) = 1588*g**2 + 12*g + 21. Let a(x) = x**2 + 15*x - 2. Let f be a(0). Is i(f) a composite number?
True
Let x(h) = h**2 + 17*h - 6. Let p be x(-17). Let d be 2/(-4)*(p + 10 + -324). Let z = d + 127. Is z a prime number?
False
Let t(m) = m**3 - 21*m**2 - m + 34. Let p be t(21). Let i(b) be the third derivative of 13*b**4/8 + 2*b**3/3 + 2*b**2. Is i(p) composite?
True
Let h(g) be the first derivative of 55*g**3/3 - 5*g**2 - g - 1. Let f be h(6). Suppose -b - 4*i + f = 0, 0 = -4*b + 2*i + 9490 - 1832. Is b a prime number?
False
Let f = 41 - 43. Let k be (f - (-32)/12)*-9. Is (-2 - 63/k)*10 a prime number?
False
Suppose 4*v - 3*n = 10, -2*v + v - 3*n + 10 = 0. Suppose 0*t - v*x + 12305 = 5*t, -9844 = -4*t - 3*x. Is t a composite number?
True
Let o(p) = 20*p + 31*p - 12 + 0 - 42. Is o(5) prime?
False
Let p(h) = -8180*h - 253. Is p(-10) composite?
False
Let z(y) = 2*y**2 + 29*y + 14. Let a be z(-14). Suppose 4*s - 3696 = -2*d, a*s + 2*s = -4*d + 7368. Let r = d + -945. Is r prime?
False
Let y be (-18)/(-72) - 3/(-4). Let t be y + 5/(-6) + (-6088)/(-48). Let w = t + 108. Is w prime?
False
Let x = 910786 - 556433. Is x a composite number?
False
Suppose 4*q + 4*z - 25821 = z, 0 = -2*q - z + 12911. Let i = q - -42775. Suppose p - i = -6*p. Is p a prime number?
False
Suppose 6*j - 13*j = 595. Let l = j + 149. Suppose 442 = 2*y - l. Is y prime?
False
Let t(g) = -195*g + 44. Suppose 45*p = 52*p + 91. Is t(p) a composite number?
False
Let s = -193 + 187. Is ((-4)/s)/(4/15942) composite?
False
Suppose -1917*n - 11101055 = -1952*n. Is n a prime number?
False
Suppose 0 = 4*q - 8, -5*c + 2*q = -0*c - 9906. Suppose -2*o + 8*z - 5*z = -1000, -4*o - 3*z = -c. Is o a composite number?
True
Suppose -3*h - 4 = -2*m, 5*h - m = -0 - 2. Is (1151/2 + h)/((-2)/(-4)) a prime number?
True
Let j = -8044 + 51617. Is j a prime number?
True
Let y(r) be the third derivative of -r**6/120 + 19*r**5/60 - 17*r**4/24 - 3*r**3/2 - 178*r**2. Let j = 35 + -21. Is y(j) a composite number?
False
Let q(f) = f**2 - 17*f + 64. Let o be q(12). Is 216096/64*(o/(-3) + 2) a composite number?
False
Let l be (-4)/30 + 10998050/375. Let o = l + -20469. Is o prime?
False
Suppose -5071986 - 2461855 = -7*d. Is d a prime number?
True
Let h(i) = 11*i - 45. Suppose 2*p + 29 - 7 = 0. Let q be h(p). Let t = q + 257. Is t composite?
True
Suppose -y + 37068 = -p, -3*p = 21*y - 18*y - 111198. Is y prime?
False
Let r = 559 + -60. Suppose 2*u - 31 = r. Is u prime?
False
Let o(j) = -12*j + 142. Let y be o(12). Is 2 - (82/y - (7 - 7)) a prime number?
True
Let z = 11017 + -6530. Suppose 19349 = 6*h + z. Is h a prime number?
True
Let n(r) = -1356*r - 1961. Is n(-10) a composite number?
True
Is (-45)/27*979536/(-16) prime?
False
Let k = -355 - -359. Suppose k*j = 3*j + 2435. Is j a prime number?
False
Suppose 0 = v, -y + 0 = -2*v + 1. Let u be (15/(-5))/((-1)/(-4) + y). Suppose u*n + 763 = 5*n. Is n prime?
False
Let h = -22 - -22. Let w be 4*(1 - h) + -2. Suppose -4*a = 3*d - a - 1629, 3*d = w*a + 1619. Is d composite?
False
Let y(u) be the second derivative of -u**4/12 + 25*u**3/6 + 91*u**2/2 + 167*u. Is y(28) a prime number?
True
Let q be (-30)/(-105) + (-12199)/(-7). Suppose -17 = 5*c + 3. Is q/(-6)*4/(8/c) a composite number?
True
Suppose 17*l = -0*l + 436509. Suppose -4939 + l = 2*o. Is o composite?
False
Let l = -2199 - -5308. Is l composite?
False
Let g = 646125 + -403420. Is g a composite number?
True
Suppose 0 = 2*g - 5*t + 170, 213 = -4*g + 2*t - 95. Let j = g + 80. Suppose -3*n = j*n - 1016. Is n a composite number?
False
Suppose -3*h - 38 - 50 = -5*l, -2*h = 5*l - 108. Suppose -2*v - l = -12*v. Is (v - (-1825)/(-3))/(4/(-12)) composite?
True
Let j(z) = 4*z**2 - 9*z - 4. Suppose 2*l - 11 = -3*q, q - 16 = -5*l + 5. Let x be l - ((2 - 2) + -7). Is j(x) composite?
True
Suppose 0 = -4*h - 4, 4*h + 72056 + 239664 = 4*r. Is r composite?
False
Let d be ((-133)/28)/(2/(-16)). Let h = 41 - d. Suppose -2447 = -3*m - 5*x + 3*x, -h*x - 4091 = -5*m. Is m a composite number?
True
Let d(c) = -311*c**2 - 8*c + 28. Let b be d(-13). Let l = 84104 + b. Is l a prime number?
False
Let t(w) = 14466*w + 53. Is t(1) prime?
True
Let s be (-15)/10*(-1 + (-11)/3). Suppose -s*a - 5*k + 8950 = -2*a, 8990 = 5*a - 3*k. Is a composite?
True
Let s(p) = -10474*p + 35. Is s(-9) a prime number?
False
Suppose -5*n + 35 = 5*r, -n + 2*r - 11 = -2*n. Suppose 0*a + 12 = n*a, 5*x - 2*a - 447 = 0. Suppose -p - z + x = -6*z, 5*p - 455 = -5*z. Is p prime?
False
Let g be 8/(-4) - -56258 - -2. Let o = g - 32955. Is o a prime number?
False
Let u = -6 - 38. Suppose -102*h - 1165 = 1385. Let g = h - u. Is g prime?
True
Let h(q) = -408*q + 55. Suppose 2*o + 10 = 2*i, o + i + 6 = -1. Is h(o) a prime number?
True
Let i = 181554 - 6627. Is i prime?
False
Let w = -410 - -545. Is -3 - 15/(w/(-3978)) a composite number?
False
Let w = -176 - -178. Suppose 5*h - 19205 = w*c, 9*h - 4*h = -c + 19205. Is h a composite number?
True
Let z be (-1)/(2 + (-22)/10). Suppose -1533 = -z*t - 483. Is t + (-1)/(-1)*-1 a prime number?
False
Let m = 57 - 48. Let b be ((-12)/(-9))/(4/m). Suppose 3*u = -b*p + 3222, 3*u + p - 3212 = -0*u. Is u a prime number?
True
Let b(v) = 1784*v - 5941. Is b(25) prime?
False
Suppose -2*g = 172 - 182. Suppose -g*i - k + 8461 = 0, 0 = -4*i + 2*k + 1592 + 5188. Is i prime?
True
Let z(a) = -72*a 